3 + 13*i**2 + 16*i + 3. Suppose 3*n + 11 = 2*n. Suppose 0 = 5*p + 4 - 124. Calculate the remainder when h(n) is divided by p.
21
Suppose -4*h - w = -81, -61 = -4*h + 4*w - 5. What is the remainder when 91 is divided by h?
15
Let b be 3/21 + (-90)/(-7). Suppose 4*a = 3 + b, 3*c = 3*a + 156. Calculate the remainder when c is divided by 15.
11
Let w be 4 + (-1)/(2/(-12)). Suppose 6 = 3*u - 4*b - 8, 3*u - w = 5*b. What is the remainder when 9/4*(6 + 2) is divided by u?
8
Let c = -2621 + 2652. Calculate the remainder when 123 is divided by c.
30
Let m(r) = -r + 16. Suppose -81 = 3*l - 225. Suppose 5*h - l = -8. What is the remainder when h is divided by m(13)?
2
Let k = 438 - 427. Calculate the remainder when k is divided by 8.
3
Suppose i - t = 2*i - 4, t + 5 = 0. Let l = 19 - 24. What is the remainder when (-178)/l + (-9)/15 is divided by i?
8
Let b be (-4 - -1)*(-2)/2. Suppose 0 = b*n + z - 6*z - 13, n + 3 = -2*z. Calculate the remainder when n is divided by 1.
0
Suppose -3*p = -0*a + 3*a - 327, -3*a = 2*p - 220. What is the remainder when p is divided by 14?
9
Suppose 4*i - 15*i + 44 = 0. Let v be (-1)/(-2)*-2 + -209. What is the remainder when v/(-9) + i/(-12) is divided by 13?
10
Suppose 2 = r - 30. Let p(z) = -z**2 + 15*z - 5. Let h be p(14). Let s(d) = -d**2 + 11*d - 7. What is the remainder when r is divided by s(h)?
10
Let k(m) = -m**2 + 12*m - 8. Let y be k(9). Suppose -y - 25 = -l. Suppose -5*x - r + 80 = 0, x - 5*r = -12 + 2. What is the remainder when l is divided by x?
14
Suppose 0 = -m + 1 - 2. Let r(f) = -14*f - 1. Let s(l) = -2*l**3 - 3*l**2 - l + 1. What is the remainder when r(m) is divided by s(-2)?
6
Let l(n) = 63*n + 9. What is the remainder when l(4) is divided by 8?
5
Let k(c) = -13*c - 6. Suppose -5*v = -10*g + 5*g + 60, -5*g + 2*v = -72. Calculate the remainder when k(-4) is divided by g.
14
Let h(u) = -u**3 - u**2 - 6. Let b(x) = 3*x - 44. Let i(w) = w - 22. Let n(p) = 2*b(p) - 5*i(p). What is the remainder when n(0) is divided by h(-3)?
10
Let p(r) = -r**3 + 60*r**2 + 57*r + 272. What is the remainder when 83 is divided by p(61)?
27
Let n(p) be the second derivative of -p**4/12 + p**3 + 4*p**2 + p. Let r be n(-9). Let k = -65 - r. Calculate the remainder when k is divided by 16.
14
Let u = 883 + -756. What is the remainder when u is divided by 9?
1
Suppose 4*c = -3 - 1. Let z(p) = 5*p**2 - p. Let h be z(c). Calculate the remainder when ((-418)/(-33))/(2/h) is divided by 10.
8
Let d = 527 - 508. What is the remainder when 120 is divided by d?
6
Let c be (-1*(-6)/4)/(39/(-2912)). Calculate the remainder when 89 is divided by 2 - c/(2 + 2).
29
Suppose -6*o - 82 = -8*o. Suppose -5*r = 2*v - 87, 2*v = v - 2*r + o. What is the remainder when v is divided by (1/2)/(2/32)?
7
Calculate the remainder when 199 is divided by ((-36)/24)/((-18)/96).
7
Let g = 26 - 9. Let d = -191 + 197. What is the remainder when g is divided by d?
5
Let a(m) = 2*m**3 - 2*m**2 + 10*m - 12. What is the remainder when a(5) is divided by 48?
46
Let t(q) = 4*q**2 + 8*q + 20. Calculate the remainder when 237 is divided by t(-5).
77
Suppose -17*q = -20*q + 213. Suppose -5*n + 206 = q. What is the remainder when n is divided by 14?
13
Suppose 15 + 12 = 3*t. Let m(d) = -d**3 + 8*d**2 - 7*d - 12. Let n be m(t). Calculate the remainder when 25 is divided by n/(-11) + 14/(-77).
11
Let z be (3 - (-33)/(-9))*-3. Suppose 3*a - 52 = -4*r, -22 = 4*a + z*r - 78. Calculate the remainder when a is divided by 7.
5
What is the remainder when 58 is divided by ((-915)/122)/((-10)/12)?
4
Let z = 438 + -386. Calculate the remainder when z is divided by 4.
0
Suppose q - 243 = -85. What is the remainder when q is divided by 13?
2
Suppose 0*f = 2*f - 304. Suppose 2*y = 2*q + f, -5*y = -3*y + 2*q - 132. Suppose 38*i = 29*i + 225. What is the remainder when y is divided by i?
21
Suppose -4*d - 2*b = d + 7356, -d - b = 1473. Let r be ((-1)/(-2))/((-7)/d). Let j = r + -73. Calculate the remainder when 126 is divided by j.
30
Suppose 3*a + 2*a - y - 50 = 0, 0 = 5*a + 5*y - 50. Suppose -v + 13 + a = 0. Calculate the remainder when v is divided by (450/250)/((-6)/(-40)).
11
Let b be 1 + (-15 - -1) - (35 + -37). Calculate the remainder when 735/11 + (-2)/b is divided by 35.
32
Suppose 2*o + 166 - 194 = 0. Calculate the remainder when 15 is divided by o.
1
Let j be 224*((-18)/8 + 3). Suppose 12*f - 18*f = -j. Calculate the remainder when f is divided by 15.
13
Let v(q) = 38*q**2 + q. Let a be -3 + (4/1 - (-10 + 6)). Suppose 21 + a = 2*t. Calculate the remainder when v(-1) is divided by t.
11
Let s(c) = -c**3 + 9*c**2 + 11*c - 1. Let k be s(10). What is the remainder when k/4*(-2)/3*-2 is divided by 1?
0
Let x be (-7)/(-28) + 14/(-8)*-5. Suppose x*b = -b + 270. What is the remainder when 52 is divided by b?
25
Let y = -11 - -18. Suppose -12 = 2*g - 8*g. Suppose -g*t + y = -7. What is the remainder when 18 is divided by t?
4
Let m be (1*-3)/(3/(-16)). Suppose 0*c - m = -c. Suppose -2*a + 14 = 2*a + 5*b, 3*b = -6. What is the remainder when c is divided by a?
4
Let n be (-6 - -5)*3/(-3). Let s(h) = 11*h**2 + 3*h - 2. What is the remainder when 21 is divided by s(n)?
9
Let g = 717 + -375. What is the remainder when g is divided by 15?
12
Suppose -12 = -4*f + 5*v, -f = -3*v - 0 - 3. Suppose 16 = 2*r + 5*a, 0*r + r - f*a = 30. Suppose 7 = i - 0. Calculate the remainder when r is divided by i.
4
Let m(w) = -w + 4. Let x be m(0). Suppose 0 = 3*h + h - x. What is the remainder when (79 - h)*(-2)/(-4) is divided by 14?
11
Let p be (-3)/(-2 - (-5)/4). Suppose -484 = -p*v - 16. What is the remainder when v is divided by 40?
37
Let o(v) be the first derivative of -2*v**3/3 - v**2/2 + 2*v - 3. Let z(c) be the first derivative of o(c). Calculate the remainder when z(-5) is divided by 10.
9
Let u(x) = 38*x + 1. Let w(l) = 2*l. Let h be w(3). Suppose h*c - 70 = c. Calculate the remainder when u(1) is divided by c.
11
Let g(f) = -7 - 22*f + 12*f - 4*f. Calculate the remainder when g(-4) is divided by 25.
24
What is the remainder when 769 is divided by 351/10 + (-15)/150?
34
Let v = 1670 + -1609. What is the remainder when 426 is divided by v?
60
Let p(t) be the third derivative of 0 + 1/6*t**3 + 2*t**2 + 0*t - 5/12*t**4. Calculate the remainder when 122 is divided by p(-3).
29
Let m(c) = -c**2 + 12*c + 7. Calculate the remainder when 502 is divided by m(7).
40
Suppose -103 = 4*n - 3*n. Let b = 208 + n. Suppose -80*l - 352 + 848 = -1664. What is the remainder when b is divided by l?
24
Let z(q) = 4*q**2 + 94*q + 71. Calculate the remainder when 128 is divided by z(-23).
3
Let f(t) = -t**3 - 4*t**2 + 0*t**3 - 4 + 4*t - t + 10. Calculate the remainder when f(-5) is divided by 13.
3
Suppose -3*b - f = -7*b + 1739, 3*f + 443 = b. Suppose 0 = -3*w + 2*h + 322 + 6, -h = -4*w + b. Calculate the remainder when w is divided by 22.
20
What is the remainder when 34 is divided by 12/18*3 + 18?
14
Suppose -117*p + 123*p - 30 = 0. Calculate the remainder when 21 is divided by p.
1
Suppose -5*s + 68 = -62. Calculate the remainder when s is divided by 2.
0
Suppose -5 = 2*m - 1. Let b be (-4)/(51/(-24) - m). Let q = b - 21. Calculate the remainder when 43 is divided by q.
10
Suppose 3*g + 4*v + v - 435 = 0, -v = -4*g + 603. Suppose g = 3*l + 3*l. What is the remainder when 48 is divided by l?
23
Let s = 302 - 144. What is the remainder when s is divided by 18?
14
Suppose 2*w = -5*x - 0*w + 14, -2*x - 3*w = 1. Suppose -x*j + 1 + 43 = 0. Suppose -5*m + 46 = j. What is the remainder when 25 is divided by m?
4
Let j = -5 - -8. What is the remainder when (16 - 14) + (0 - -6) + 3 is divided by j?
2
Let p(w) = -w**3 - 17*w**2 + 38*w + 19. What is the remainder when 91 is divided by p(-19)?
15
Let m = 101 - 13. Let b = m + -57. Calculate the remainder when b is divided by 17/(9/5 + (-8)/10).
14
Let f be ((-10)/15)/((-2)/15). Suppose -f*v + 33 = j, j - 41 = -v + 8. Let b(z) = -2*z - 18. What is the remainder when j is divided by b(-18)?
17
Let a = 4 + 3. Suppose d + 131 = 2*c, -2*c + a*c = -d + 310. Let h = -879 - -912. What is the remainder when c is divided by h?
30
Suppose 2*p - 1044 = -4*m, 5*p - 55*m + 58*m = 2582. Calculate the remainder when p is divided by 58.
50
Suppose 0*h + 4*h - 5*f - 185 = 0, -5*h - 4*f + 221 = 0